) = -12*g - 112. Determine l(f).
-4
Suppose -4*d - 35*t + 37*t = -8890, 3*d = 3*t + 6660. Let s(o) = 2226*o**3 + 5 + o - 1 + 2*o - 6*o**2 - d*o**3. Calculate s(5).
-6
Let b(a) = a**3 + 4*a**2 - 4 - 2119*a + 1066*a + 1055*a. Calculate b(-3).
-1
Suppose -6 = -6*z - 90. Let y be (-126)/z - (0 - 1). Let g(v) = 7 + y*v - 8 + 2. Give g(1).
11
Let y(j) = j + 7. Let z be y(-5). Let o(h) = 2*h - 25 - h + z*h - 2*h. Let f(i) = 109*i - 2507. Let v be f(23). Calculate o(v).
-25
Let j(p) = 17*p - 64. Let k(u) = 3*u**3 + 25*u**2 + 12*u + 36. Let m be k(-8). Calculate j(m).
4
Let m(f) = -2*f + 3928947*f**2 - 3928948*f**2 - 32 - 7*f. Calculate m(-6).
-14
Suppose -80 = -s + 5*h, 5*h - 146 - 299 = -4*s. Suppose 11*f = s + 27. Let x(p) = -11 - f*p + 3*p + 3*p + 7*p. What is x(0)?
-11
Let f = -2842 + 2838. Let l = 0 + 10. Let a(o) = -7*o + l - 3 - o**2 - 13. Determine a(f).
6
Suppose -4*q + 3*q = 2*i + 12, -q = -5*i - 23. Let d(w) = w**3 + 3 + 835224*w**2 - 11*w - 7 - 417607*w**2 - 417614*w**2. Calculate d(i).
1
Let z(l) = -7*l + 41. Let v(c) = 50*c - 292. Let r(m) = -3*v(m) - 20*z(m). Give r(9).
-34
Let f(k) be the second derivative of -k**3/6 - k**2/2 + k. Let z be f(0). Let a(t) = 85*t - 49*t - 46*t. Determine a(z).
10
Let m(o) be the second derivative of -17*o + 2 + 3*o**2 - 1/12*o**4 - 3/2*o**3. Give m(-10).
-4
Let d = 172 + -164. Suppose -d*y - 20 = -4*y. Let z(s) = 2*s**2 + 6*s - 2. Calculate z(y).
18
Let n(q) be the third derivative of -q**6/120 - q**5/12 - q**4/6 + q**3/6 + 31*q**2. Suppose 0 = -511*g + 521*g + 40. What is n(g)?
1
Let n(a) = 3*a + 24. Suppose -4 - 148 = -19*o. Let y = 0 - o. Determine n(y).
0
Let t(a) be the second derivative of -29*a**3/6 + 201*a**2/2 + 2*a - 213. Calculate t(7).
-2
Let h be ((-1)/(-1))/((-12)/1584). Let g = 133 + h. Let y(c) = 5*c**2 + 1. What is y(g)?
6
Let b(r) = -3*r - 3054*r**2 + 20 + 7*r + 6*r + 3055*r**2. What is b(-9)?
11
Let l(i) = -168*i - 2*i**2 - 22*i + i**2 + 210*i - 25. Give l(23).
-94
Let l(g) = -6*g - 22. Suppose -45*v - 120 - 15 = 0. Give l(v).
-4
Suppose 5*n + 7*u + 20 = 4*u, -4*n + 3*u - 43 = 0. Let d be 0 + 2 + (-14)/n. Let o(a) = 7*a - 5. Determine o(d).
23
Let d(n) be the third derivative of -n**5/60 - n**4/6 + 19*n**3/6 - 1738*n**2. Determine d(-6).
7
Let w be ((-4)/12)/(1/(-3)). Let t(g) = 5*g**2 - 179*g + 49. Let o(p) = p**2 - 29*p + 8. Let f(q) = 31*o(q) - 5*t(q). What is f(w)?
5
Let b(o) = 4*o**2 + 2*o - 2. Let l(z) = -10*z**2 + 29*z - 58. Let f(v) = -3*b(v) - l(v). What is f(-19)?
7
Let q(y) be the second derivative of y + 7/2*y**2 + 4/3*y**3 + 1/12*y**4 - 73. What is q(-6)?
-5
Let j(o) = 17*o - 31563 + 19*o + 31640. Determine j(-2).
5
Let d(c) = -c**3 + 3*c**2 - 16*c + 31. Let g be d(2). Suppose 4*a - 44 + 4 = -4*l, -25 = -g*l - 2*a. Let n(w) = w**3 - 6*w**2 + 2*w + 5. Calculate n(l).
-10
Suppose 36*y + 180*y - 6696 = 0. Let s(h) = -h**2 + 31*h + 3. Give s(y).
3
Suppose -318*j + 523*j - 820 = 0. Let b(a) = -a**3 - 3*a**2 + 4*a + 7. Give b(j).
-89
Let h(m) = -24*m**2 + 9*m - 3. Suppose -5*g = 410*g - 415. Determine h(g).
-18
Let d(o) = o**2 + 2*o - 19. Let g be d(-6). Suppose g*s = -s + 18. Suppose -s*q = 2*q + 10. Let n(c) = c**2 + 2*c + 2. What is n(q)?
2
Let r(s) be the second derivative of 1/10*s**5 + 3/2*s**2 + 1/12*s**4 - 1/6*s**3 - 266*s + 0. Determine r(-2).
-7
Let o(p) = -657 - 4*p + 1301 - 660. Calculate o(2).
-24
Let z(x) = 3*x - 22. Let p = -535 - -226. Let k = 315 + p. Determine z(k).
-4
Let i(z) = -z**3 + 6*z**2 + 7*z + 2. Let m = 31 - 24. Let d be i(m). Let k(s) = -4*s + 5 - 4 - 5*s - d. Give k(-1).
8
Let o(r) = r**2 + 21*r + 80. Let z(p) = -9*p**2 - 37*p + 37. Let d be z(1). What is o(d)?
-28
Let x(m) = 5*m**2 + 3. Let b(p) = -p**2 - p - 1. Let g(t) = 3*t - 30. Suppose a - 3*a = -24. Let q be g(a). Let r(n) = q*b(n) + x(n). Give r(-5).
2
Let h(v) = -v**2 + 11*v + 16. Let i be -4 + (13 - (-15)/(-3)). Suppose -i*j = -5*j + 5*l + 37, -32 = -j + 4*l. Determine h(j).
4
Suppose 357 = -18*m + 249. Let o(j) = j**3 + 4*j**2 - 12*j + 8. Give o(m).
8
Let m(z) = 7*z**3 - 2*z**2 + z + 1. Suppose 7*q - 102 = 11*q - 55*q. Give m(q).
51
Let h(l) = 17*l**3 - 56*l**2 + 45*l + 214. Let w(y) = 3*y**3 - 11*y**2 + 9*y + 37. Let x(v) = -2*h(v) + 11*w(v). What is x(-10)?
-11
Let t(r) = -10*r**2 + 33*r + 26. Let n(q) = -6*q**2 + 2*q - 1. Let g(u) = -2*n(u) + t(u). Determine g(-14).
14
Let f(j) be the second derivative of -5*j**4/12 - j**3/2 + 3*j**2 - 1474*j. Calculate f(4).
-86
Let w(m) = -18*m**2 + 2*m - 5. Let b(j) = 9*j**2 - j + 3. Let g(h) = 7*b(h) + 4*w(h). Suppose 179*i = 177*i + 4. Calculate g(i).
-33
Suppose 3*n - 5*m + 31 = 2*n, -5*m + 64 = -4*n. Let q(l) = -6*l**2 + 34*l - 29. Let h(w) = w**2 - 7*w + 6. Let t(y) = 11*h(y) + 2*q(y). Determine t(n).
-14
Let s(h) = -390 - 391 - 390 + h**3 + 2*h + 1160 - 5*h**2. Suppose 0 = l + 2*l - 15. Give s(l).
-1
Let r(g) = -4*g - 79. Let d be r(-18). Suppose 2*j = 4*b - 58, b + 4*j - 22 = 2*j. Let l(p) = -b*p - p**2 - 12*p + 21*p - 5. What is l(d)?
-5
Let y(d) = 3*d**2 + 1. Let n be y(-1). Let o(c) be the first derivative of 1/4*c**4 + c - 1/2*c**2 + 30 - 4/3*c**3. Calculate o(n).
-3
Let s(z) = -z**3 + 4*z**2 + 10*z - 5. Let j(r) = r**3 + 18*r**2 + 80*r - 4. Let u be j(-9). What is s(u)?
20
Let c(r) = -r**3 + 31*r**2 - 12*r - 16. Let s(z) = -2*z**3 + 41*z**2 - 12*z - 20. Let t(j) = -3*c(j) + 2*s(j). Determine t(-12).
8
Let v = 2663 + -2664. Let f(m) = -6*m**2 - 4*m - 4. Determine f(v).
-6
Let n(m) = -m**3 - 9*m**2 - 3. Let q(t) = 1 + 4 + 10*t**2 - 6. Let r be q(-1). Let w be (-78)/r - (0 - 2/(-6)). What is n(w)?
-3
Let u = -18 - -24. Let x(d) = -7*d**3 - 5*d**2 - 5*d + 5. Let q(h) = -15*h**3 - 11*h**2 - 11*h + 11. Let l(n) = u*q(n) - 13*x(n). Give l(0).
1
Let a(u) = 5*u**2 - 16 - u**2 + 8*u + 11 + u**3 - 2*u**2 - 11*u. Calculate a(-2).
1
Suppose -3*r - a = -15, 1 = r + 2*a - 4. Suppose -2*o = 5*s + 12 + 7, 4*o = s - r. Let i(w) = -w**2 - 7*w - 4. What is i(s)?
8
Let u(j) = 2*j - 21. Suppose 0 = 25*o - 12*o + 26*o + 4*o. Calculate u(o).
-21
Let b(p) = -p**3 + 16*p**2 + 18*p + 1. Suppose 10*n + x = 7*n + 54, 0 = n + x - 20. What is b(n)?
18
Let q(i) = 11*i + 10. Let w(t) = -t**3 + 11*t**2 + 6. Let b = -25 + 36. Let l be w(b). Let u(c) = 5*c + 5. Let n(f) = l*q(f) - 13*u(f). Give n(4).
-1
Let m be -3 + 6 + (-4)/(-4). Suppose -m*p - 72 + 128 = 0. Let h(d) = d**2 - 17*d + 35. Calculate h(p).
-7
Let v(h) = -h**3 + 9*h**2 + 8*h - 71. Let z(y) = -3*y**3 + 55*y**2 - 8*y - 171. Let m be z(18). Determine v(m).
1
Let o(b) = -46*b**2 - 60*b**2 + 141*b**2 - 61*b**2 - 61 + 135 + b**3 + 22*b. Give o(25).
-1
Suppose 288*u + 2944 = 304*u. Suppose u = -k + 186. Let w(a) = a**3 - a**2 - 4*a + 3. Calculate w(k).
-1
Let n(m) = 16*m - 37. Suppose -128 = 136*s - 469 - 339. Give n(s).
43
Let t(k) = -5*k - 74. Suppose 97*j - 134 = -1573 - 210. What is t(j)?
11
Let x(m) = -3*m**2 - 7*m - m**3 - 8 - 3*m**2 + 0*m**2 - m**2. Let o = 12568 + -12574. What is x(o)?
-2
Let u(r) = -127*r + 12 + 56*r + 61*r + r**3 - 8*r**2. Let t be u(9). Let h be (2 - t/(-3)) + -16 + 5. Let q(j) = -j**3 - 8*j**2 + 3. Calculate q(h).
3
Let i(q) be the third derivative of -q**9/60480 + q**8/10080 - q**7/1680 - 61*q**5/60 + 4*q**2 + 5. Let p(l) be the third derivative of i(l). Give p(2).
-6
Let s(u) be the second derivative of 38*u + 2/3*u**3 + 1/24*u**4 + 43/2*u**2 + 0. Let l(a) be the first derivative of s(a). Determine l(-3).
1
Let l(x) = x + 6. Let w = 254 + -255. Let d(p) = -2*p. Let f(s) = w*d(s) + l(s). Suppose 0 = -3*g + 3 - 15. Calculate f(g).
-6
Let g be 4/(-14) - 33/7. Let h = g + 1. Let c(k) be the first derivative of 3*k**2/2 - 4*k - 82. Calculate c(h).
-16
Suppose 228*a - 34 = 262*a + 102. Let g(n) = 4*n**2 - 11*n - 8. Calculate g(a).
100
Let b(j) = 33*j + 256 - 181 - 39*j. Determine b(12).
3
Suppose 166*q = 170*q + 8. Let m(d) = 4*d + 12. Let u be m(q). Let x(s) = -s**2 + s + 2. Determine x(u).
-10
Let n(k) be the second derivative of k**4/12 + 4*k**3/3 - 26*k**2 + 3460*k. Calculate n(-12).
-4
Let n be 18/126*(3 - -4). Let g(u) = -2*u**2 - u - 1. Let y(t) = -9*t**2 - 4*t + 26. Let b(v) = n*y(v) - 5*g(v). What is b(0)?
31
Let t(u) = -8 + 10 + 24*u - 31*u + 8*u - 5*u**2 + u**3. What is t(4)?
-10
Let k(r) = 12*r**2 + 204*r + 4. Let i be k(-17). Let q(d) = -d**2 + 4*d + 6. Calculate q(i).
6
Le